 163. What is the units digit of m?
0
Let n(b) = 16*b + 5. Let q(u) = u**3 - u**2 - 8. Let z be q(0). Let x be n(z). What is the tens digit of -4*-2*x/(-24)?
4
Suppose -4*d + 2*d = -5*n - 610, 5*n + 915 = 3*d. Let q = d - 178. What is the units digit of q?
7
Suppose 29 = 4*w - 79. Suppose 4*f - w = 57. What is the tens digit of f?
2
Suppose 3*h - 568 = 4*o, -2*h - 5*o + 469 = 98. What is the tens digit of h?
8
What is the tens digit of 8894/12 + (-17 - 1010/(-60))?
4
Suppose -5*f + 2*i = -3*i - 15, 3 = -3*i. Suppose -4*q = -f*b - 582, q + b - 87 = 54. What is the units digit of q?
4
Let n be 0 + -64 + (0 - 0). Let g = 9 - n. What is the tens digit of g?
7
Let s be 2 + (4 - 5)*-1. What is the units digit of s*(0 + 1) + 14?
7
Let j(f) = 2*f**2 - 2*f + 25. Suppose -4*l = -2*l, -2*h - 2*l = -16. What is the units digit of j(h)?
7
Let n(h) = -h**2 + 6*h + 4. Let w be n(6). Suppose -j - 11 + w = 0. Let f = j + 43. What is the units digit of f?
6
Suppose -4*n = -5*n - 6. What is the units digit of (-133)/n - 10/60?
2
What is the thousands digit of -36*((-6)/(-4))/(18/(-776))?
2
Let l = 245 + -137. Let z = -31 + 51. Suppose -z*c - l = -23*c. What is the tens digit of c?
3
Suppose 0 = 5*w - 20, -2*y + y + 3*w = -1662. What is the thousands digit of y?
1
Suppose 3*r - 4*r + 2*b + 2 = 0, 4*b + 4 = r. Suppose x + 0*x + 3*i - 10 = 0, -x + 3*i + 22 = r. What is the tens digit of x?
1
Let a(u) = -u**2 + 32*u - 12. What is the hundreds digit of a(24)?
1
Let y(k) = -27*k - 5. Let q = 25 - 28. What is the units digit of y(q)?
6
Suppose -195*x = -199*x + 164. What is the units digit of x?
1
Suppose 10*r = 4*r. Let j(x) = r - 13*x - 7 - 5 + 0. What is the tens digit of j(-5)?
5
Let y(s) = 2*s**2 + 8*s - 16. Suppose -o + 4*o = 15. Let m be y(o). Suppose 3*q - 4*q + 5*d + m = 0, -5*q + d + 250 = 0. What is the units digit of q?
9
Let l = -275 - -870. What is the hundreds digit of l?
5
Let o(a) = 8*a**2 - 6*a + 1. Let f be o(1). Suppose 3*u = -f*t + 69, -11 + 9 = -t. What is the units digit of u?
1
Let k(q) = -4*q**3 - 12*q**2 + 22*q + 99. What is the thousands digit of k(-9)?
1
Let x(m) = -4*m - 10. Let a be x(8). Let l = a - -76. What is the tens digit of l?
3
Suppose 2*z - 1432 = 3*i + 3852, z - 2652 = -i. What is the tens digit of z?
4
Let i = 26 - 23. Suppose 4*c - 237 = y, -i*c - 4*y + 8*y = -168. What is the units digit of c?
0
Suppose 3 - 9 = -3*h. Suppose -h = -3*z + 4*x, -5 = -3*z + 5*x - 4*x. What is the units digit of z*(1 - (-132)/8)?
5
Suppose 0 = 2*p - 5*n - 16, -3*n + 48 = 4*p - 10. Let l = -15 - p. Let g = l + 71. What is the units digit of g?
3
Let s(t) = -t**2 - 2*t + 6. Let k be s(5). Let d be (0 + 2/3)/((-13)/390). Let b = d - k. What is the units digit of b?
9
Let m(k) = -6*k - k + 249 - 3*k. What is the tens digit of m(0)?
4
Let q(m) = 35*m + 9. Let k be q(3). Suppose 0 = -4*y - 3*g + 433, -y + 11*g = 6*g - k. What is the tens digit of y?
0
Let n = -129 + 135. Let q be 0 - (-6 + (-2)/(-1)). What is the tens digit of (-2)/(n - q) - -30?
2
Let g(x) = 2*x**3 - 4*x**2 + 5*x + 7. Let k = -7 - -11. What is the tens digit of g(k)?
9
Let a(u) = -11 + 19 - 13 - 13*u. What is the units digit of a(-3)?
4
Suppose 2*q - 2053 + 295 = -3*c, -3*q = 4*c - 2635. What is the units digit of q?
3
Let w(u) = -u**3 - 15*u**2 - 14*u + 4. Let g be w(-14). Let p be 0 - 18*g/(-8). Let f(q) = -q**3 + 8*q**2 + 14*q - 9. What is the units digit of f(p)?
6
Suppose 7*a - 2*a = 0. Let j(t) = t. Let x be j(a). Let b = 46 + x. What is the units digit of b?
6
Let p be (-78)/9 - (-1)/(-3). Let j(d) = 2*d**2 + 4*d + 2. Let r be j(-7). Let v = r + p. What is the units digit of v?
3
Suppose -6882 = -7*q + 6677. What is the units digit of q?
7
Let h be (-168)/(-30)*10*1. Let m = 132 - h. What is the tens digit of m?
7
Let d(z) = z**2 - 6*z + 3. Let l be d(6). Suppose l*y + 25 = -23. What is the tens digit of ((-45)/(-12))/((-1)/y)?
6
Let l = 189 + -24. Suppose -3*s - 5*y + 313 + l = 0, -803 = -5*s - 2*y. What is the hundreds digit of s?
1
Let o(s) = -2*s + 76. Let m be o(0). Let z = 102 - m. What is the units digit of z?
6
Suppose -6*r + 105 = -3*r. Suppose w + r = 162. What is the units digit of w?
7
Suppose 3*y = 126 - 24. Suppose -2*a - 4*r + 6*r = -y, 2*a - 4*r = 24. Let v = a - 8. What is the units digit of v?
4
Let z(p) = -2*p**3 + p**2 - 5*p + 2882. What is the hundreds digit of z(0)?
8
Let u(x) = -x**2 - 34*x - 277. Let c be u(-20). Suppose -59 + 2 = -3*y. Suppose -c*b = -y - 158. What is the units digit of b?
9
Suppose 4*p = -3*r + 108, -5*r - 132 = -4*p - 2*r. Let a = p - -1. What is the tens digit of a?
3
Let g = 13 - -23. Let b = 60 + -92. Let s = g - b. What is the units digit of s?
8
Let i = 6 - -4. Let u(a) = a**3 - 11*a**2 + 12*a - 2. What is the units digit of u(i)?
8
Suppose 4*a + 10 = 3*o + 2*a, -o - 25 = 5*a. Suppose -b - 2*g - g + 93 = o, -3*b + 279 = g. What is the units digit of b?
3
Let d = 18 - -54. What is the tens digit of d?
7
Suppose 2*g - 7 = 1. Let b be 30*g/(-5)*-2. Suppose v - b = -v + 2*f, -3*v - f = -60. What is the tens digit of v?
2
Let o(l) = -11*l - 1. Let s = 0 + -2. Let w be o(s). Suppose -3*q - 39 = -2*b, 0*b + b = q + w. What is the units digit of b?
4
Let c(s) = -4*s + 30. Let x(z) be the first derivative of 5*z**2/2 - 30*z + 6. Let n(v) = 6*c(v) + 5*x(v). What is the tens digit of n(0)?
3
Let n(q) = 3*q + 8. Let l be n(-5). What is the tens digit of (0 - 240/35)*l?
4
Let m be (-4)/30 - (-517)/165. Let y be ((-3)/(-2))/(m/6). Suppose 4*w + t = 5, -2*w - 5 = 4*t + y. What is the units digit of w?
2
Let h(k) = -k**2 - 4*k + 4. Let c be h(-4). Suppose 0 = -c*d - 0*d. Suppose -8 - 58 = -3*p + 3*t, d = 3*p - t - 60. What is the units digit of p?
9
Let g = 15 - 10. Suppose -4 = -2*s, -2 + g = x - s. What is the units digit of x?
5
Suppose 0 = i - 0 + 1. Let n be (i - (1 + -3))*-1. Let g(w) = -20*w - 1. What is the units digit of g(n)?
9
Suppose -4*v + 2*v + v = 0. Suppose 4*d = -v*d + 20, 0 = 3*y - d - 184. What is the tens digit of y?
6
Let l(y) = -5*y + 10. Let t(a) = 10*a - 21. Let b(j) = -5*l(j) - 3*t(j). What is the tens digit of b(-9)?
5
What is the tens digit of (-9575)/(-20)*(11 + 1)?
4
Let w(c) = -17*c + 3. What is the tens digit of w(-2)?
3
Let a(x) = 2*x**2 - 11*x - 3. Let v be a(6). What is the units digit of -1 + 84 + -3 + v?
3
Suppose 10*x + 717 - 14337 = 0. What is the units digit of x?
2
Let n(v) = 2*v - 10. Suppose -21 = h - 5*j - 3, -j = -h + 2. What is the units digit of n(h)?
4
Let p(b) = -b + 5. Let w be p(0). Let a = -49 - -78. Let j = a - w. What is the tens digit of j?
2
Suppose 2*s - 2824 = -5*l + 1554, 5*s - 4*l = 10912. What is the units digit of s?
4
Suppose -2*b - 3 = -11. Suppose 0 = 2*c - 3*c + 5, -4*c = b*g - 120. What is the tens digit of g?
2
Let y(i) = 4*i**2 - 2*i + 13. Let p be y(-4). What is the units digit of p/5*2*2?
8
Let l be (-2 + 6/(-2))/(-1). Suppose -d = l*d + 42. What is the tens digit of 432/28 + 3/d?
1
What is the hundreds digit of (-477 + 2)/((-7 - -3) + 3)?
4
Suppose 4*v - 11 = 5. Suppose 5*z + 5 = 3*u, z = -2*z + 2*u - v. What is the units digit of (z/(-4) - 0)*-10?
5
Let d(v) be the first derivative of -v**4/4 + 4*v**3/3 + v - 4. Suppose 3*n = 5*y - 3, -2*y - 3*n + 6*n - 6 = 0. What is the units digit of d(y)?
0
Let p be 64/11 - (-24)/132. Suppose -p*g = -4*m - g + 315, g + 165 = 2*m. Suppose 68 + m = 3*y. What is the units digit of y?
1
Let i = -13 - -3. Let q = 28 + i. What is the tens digit of q?
1
Suppose f + 5 = 10. Suppose -d + 2*k = f*k - 17, 5*k - 29 = -2*d. What is the units digit of (-4 + 2)/(d/(-8))?
8
Suppose 38*s = 28*s + 1980. What is the tens digit of s?
9
Let c be (204/(-48))/((-1)/4). Suppose 5*u = -5*o - c - 88, 0 = 2*u - 4*o + 24. Let w = 0 - u. What is the units digit of w?
8
Let h(u) = -u**2 - 15*u - 11. Let t be h(-13). Let v = 13 - t. What is the units digit of (2 - v)/(-4) + 3?
2
Let b(a) = a**3 + 7*a**2 - 10*a - 12. Let t be b(-8). Suppose 5*r - 26 = t. What is the units digit of r?
6
Suppose 4*d + 142 = 910. What is the hundreds digit of d?
1
Let i be ((-2 - 2) + 5)*1. Let b be (i + -3)*(2 + 0). What is the units digit of ((-2)/4)/(2/b)?
1
Suppose 0*c = 5*x + 3*c - 25, -4*x + 3 = -c. Suppose -4*b = -5*h + 108, x*h + 5*b = 3*h - 9. What is the tens digit of h?
2
Le